 is t(-11)?
0
Let j be 0/(-8) + (-52)/(-4). Suppose -j*w + 61 = 152. Let i(b) be the second derivative of b**5/20 + 2*b**4/3 + 5*b**3/3 + 3*b**2 + 2*b. Give i(w).
-15
Let k be ((-15)/(-6) - 2)*0. Let w(l) = 2 + k*l - 9*l + 4*l + 6*l. Let q(p) = -p**2 - 7*p + 1. Let r be q(-8). Give w(r).
-5
Suppose -3*v = -2*o - 19, 4*o + 35 = 9*v - 6*v. Let d be 63/28 + 2/o. Let l(y) = d*y - 4 - 7*y + y**2 - 4*y + 5*y. What is l(6)?
8
Let i = 13 - 16. Let z(b) = 544880 - 1089743 + 8*b - 2*b + 544872. What is z(i)?
-9
Let t(i) = -i**2 - 10*i - 7. Let w be t(-9). Let s(u) = u**w + u - 7 - 2*u**2 + 1 + 0*u**2. Suppose 2 = 2*k, -3*j + 3 + 2 = 5*k. What is s(j)?
-6
Let q(x) = 16*x**2 + 10*x - 314. Let g(r) = -3*r**2 - 3*r + 61. Let c(n) = 11*g(n) + 2*q(n). Calculate c(-14).
29
Let p(g) be the first derivative of -g**3/3 + 15*g**2/2 - 38*g + 399. Calculate p(12).
-2
Let m(u) = -8*u - 14 + 22*u - 4*u + u**3 - 11*u**2 + 2*u. Let k be m(10). Let n(j) be the first derivative of j**4/4 - 2*j**3 - j**2 - 4*j - 5. Give n(k).
-16
Suppose -237*a - 54 = -210*a. Let z(l) = 9*l**3 + 3*l**2 + l + 2. Give z(a).
-60
Let a(c) be the third derivative of c**6/120 - 4*c**5/15 + 2*c**4/3 + c**3/6 - 1972*c**2. Give a(15).
16
Let o(f) = -804*f**2 - 8 + f**3 - 17 + f + 788*f**2. Let q be o(16). Let l(s) = s + 15. Give l(q).
6
Let q(a) = 27*a - 32. Let s = -787 + 789. Give q(s).
22
Let g be ((-6)/10)/(6/(-20)). Let i(j) = -7 + 11*j**3 + 14*j**g + 13*j - j + 8*j**3 - 18*j**3. What is i(-13)?
6
Let y(f) = 10*f**2 + 142*f + 15. Let a(l) = -17*l**2 - 234*l - 31. Let g(o) = -3*a(o) - 5*y(o). Calculate g(4).
2
Let w be ((-4)/(-1))/(0 - -1). Let v be 11*27*1/33. Let t(s) = -s**2 + v*s - 4 - w*s + 6*s. Determine t(10).
6
Let c(d) = -283*d - 299*d - 38 + 596*d - d**2. Calculate c(10).
2
Let h(v) = -9*v**2 - 6*v + 2. Let b(g) = -47*g**2 - 30*g + 9. Let s(t) = 4*b(t) - 21*h(t). What is s(-6)?
-6
Let d(t) = t**2 + 4. Let w be d(-3). Let p = 301 - 296. Let b(q) = 2*q - 10*q + p*q + 4*q - w. What is b(6)?
-7
Let w(u) = 7*u - 1. Suppose 0 = 2*a - 23 + 1. Suppose -a = -2*z - 7. Let g be -2 - (-2 - 4) - z. Give w(g).
13
Let c = 148 + -146. Let v(d) = d**2 + 2*d. Give v(c).
8
Let b(o) = 691*o**3 + 13*o**2 - 98*o + 64*o - 7 - 692*o**3. What is b(5)?
23
Let j(p) = 4*p + 5. Let y be (-44)/6*15/(-10). Suppose -y*i = -16*i. Let d be j(i). Let k(n) = -n + 1. Determine k(d).
-4
Let w(c) = -2 + 16*c + 2 - 19*c. Let u(x) be the first derivative of -x**4/4 - 4*x**3/3 - x**2 - 3*x + 14. Let l be u(-3). What is w(l)?
18
Let o(g) be the third derivative of g**4/24 + 2*g**3/3 - 2*g**2. Let w(b) = b**3 - 140*b**2 - 106*b - 4941. Let s be w(141). Calculate o(s).
-2
Let s(f) = f**3 - 28*f**2 - 62*f + 63. Let t be s(30). Let c(w) be the first derivative of 3*w**2/2 - 2*w - 28. What is c(t)?
7
Let t(v) be the first derivative of v - 5/3*v**3 - 1/4*v**4 + 7/2*v**2 + 102. Calculate t(-6).
-5
Let m(v) = -v**3 + 19*v**2 - 36*v + 31. Suppose -85 = -5*k - 11*k + 187. Give m(k).
-3
Suppose 25 = 9*q - 14*q - 5*x, -3*q = -x - 5. Let o(z) = -z - 20. Calculate o(q).
-20
Suppose 8227 = 54*w - 5813. Let h(o) = -o + w + o**2 + 7*o - 137 - 126. What is h(-8)?
13
Let b(c) = 38*c - 80. Let f be b(2). Let w(l) = -l**3 - 4*l**2 + 8*l + 1. Give w(f).
-31
Suppose 14*i + 10 = 19*i. Let r = i + -4. Let z = r - -2. Let s(m) = -m**3 + m**2 + m + 15. Determine s(z).
15
Let y be 7/35*(-48 - -38). Let w(u) = 5*u + 4. Calculate w(y).
-6
Let j(t) = 8. Let i(o) = 3. Let x(u) = 11*i(u) - 4*j(u). Let a(b) = b - 14. Let d(h) = a(h) + 4*x(h). What is d(11)?
1
Let d(y) = -1 + 3*y**2 - 12 - y**3 + 1 + 9*y + 2*y**2 + 4*y**2. What is d(10)?
-22
Let c(o) = -4*o + 25. Let r(t) = -7*t + 25. Let a(w) = -15*w + 51. Let m(j) = 2*a(j) - 5*r(j). Let k(d) = 6*c(d) + 5*m(d). Calculate k(0).
35
Let u(l) = -l**3 + 9*l**2 - 2*l + 11. Let c(g) = -g**3 + 37*g**2 - 71*g + 31. Let w be c(35). Let r = 21 + -8. Let h = r + w. Give u(h).
-7
Let z(d) = -5*d - 5*d**2 + d + 3*d**2 + d**2 - 1. Suppose 2*a = 12, 2*x + 247 = -2*a + 253. Give z(x).
2
Let k(l) = 2*l**2 + 2*l + 131. Let v(m) = 4*m**2 + 3*m + 261. Let n(f) = -7*k(f) + 4*v(f). Let t(x) be the first derivative of n(x). Determine t(1).
2
Suppose 0*z - 5*z - 22 = -3*p, -18 = -5*p - z. Let i(n) = 3*n + 1. Let l(h) = -5*h - 16. Let k(j) = 3*i(j) + l(j). What is k(p)?
3
Let y(s) = -s**2 + 4*s + 2. Let t = -12 + 18. Let v be -33 - (4/t)/((-4)/18). Let w = v - -27. Determine y(w).
-19
Let w(x) = 5*x**3 + x**3 - 7 - 18*x - 4*x**3 - 13*x**2 - x**3 + 20*x + 24*x**2. Suppose 2*q + q = -33. Determine w(q).
-29
Suppose -172*j + 1614 = -106. Let g(i) = 16*i - 118. Determine g(j).
42
Suppose 2*y - 4*t - 2 = 0, 24*y = 15*y - 3*t + 114. Let d(x) = -7*x + 18. Determine d(y).
-59
Suppose 10*z + 0*z + 7 = -103. Let p(b) = -b + 26. Determine p(z).
37
Let u(l) = 5*l**2 - 4*l + 5. Let i(g) = 8*g**2 - 7*g + 9. Let h(p) = 3*i(p) - 5*u(p). Determine h(-2).
0
Let k be (-1)/((-1 - -4) + -2). Let r be ((-4 + 6)*k)/(-1). Let u(b) be the second derivative of -b**4/12 + b**3/3 + b**2/2 - 41*b. What is u(r)?
1
Let q(c) be the first derivative of -244 - 5*c - 7/2*c**2. Give q(-4).
23
Let g be ((-15)/12)/((-40)/64). Let v(q) = 97*q**3 + g - 96*q**3 - 4*q**2 + 2*q + 2. What is v(3)?
1
Let q(o) = -7*o**3 - 3*o**2 - 9*o - 8. Let l(t) be the first derivative of -t**4/2 + t**3/3 - t**2/2 - t + 109. Let v(i) = 3*l(i) - q(i). Give v(-5).
0
Suppose 41 = -i + 45. Suppose i*s = 14*s + 10. Let x(r) = 17*r**2 - 3*r - 2. Calculate x(s).
18
Suppose -z = -3*p, -7*p + 4*p + 9 = -4*z. Let d(r) = -3. Let x(l) = -l - 24. Let w(h) = p*x(h) + 5*d(h). What is w(-8)?
1
Let i be 56/20 + (-1)/(-5). Suppose -2*c = -c + i. Let z(n) = 170 + 166 + 146 - 487 + n - 2*n. Determine z(c).
-2
Let n(t) be the second derivative of t**5/20 - 2*t**4/3 + 3*t**3/2 - 13*t**2/2 - 7*t + 17. What is n(7)?
1
Let b(k) = -8*k**2 - 44*k + 37. Let s(j) = -33*j**2 - 171*j + 138. Let v(x) = 15*b(x) - 4*s(x). Calculate v(-2).
3
Let c(z) = 6*z**2 + 11*z + 444. Let f(n) = 10*n**2 + 20*n + 777. Let y(b) = -7*c(b) + 4*f(b). Let h(d) = -d**2 - 7*d - 4. Let i be h(-6). Determine y(i).
-2
Let t(u) = 235*u + 234. Let r(q) = -340*q - 352. Let w(j) = -9*r(j) - 13*t(j). Give w(-21).
21
Let z(h) = 3*h + 4 + 3 - 5*h**2 - h**2 + 9. Let n(t) = -7*t**2 + 2*t + 16. Let w(q) = -5*n(q) + 6*z(q). Let l be w(10). Let u(b) = -2*b - 4. Give u(l).
4
Let p(c) = -9*c + 70. Suppose d - 20 = -2*f - 5, 2*f - 18 = 2*d. Determine p(f).
-2
Let h(o) = o**2 + 29*o + 14. Suppose 2*x - 3*x - 7 = 3*q, -4*q = x. What is h(x)?
-14
Let s(o) = -o**3 + 6*o**2 - 3*o - 5. Let l = -158 - -158. Suppose 10*q - 161 + 111 = l. What is s(q)?
5
Let g be (6 - 19 - -28) + -11. Let v(i) = -6*i**2 + 8*i + 2*i**3 + 3*i**3 - 8 + 3*i**3 - 7*i**3. Determine v(g).
-8
Let w(v) = -10*v + 120 + v**2 - 487 + 128 + 2*v + 119 + 121. Let i(p) = p**2 + 3*p - 5. Let a be i(-5). Suppose -c + 1 = -a. Determine w(c).
-11
Let k(o) = o**3 + 4*o**2. Let c be -1 + -1 - (-9 - -2). Suppose 2*u - 21 = -3*q, -c*q + 6*u + 13 = 2*u. Suppose 2*v - q*s + s = -16, -3*s = -6. Calculate k(v).
0
Let a = -18 + 27. Let b(w) = 1 - w**3 - 24 + 8 - 3*w - 5*w**2 + 10 + a. Calculate b(-4).
0
Suppose 0 + 3 = -w. Suppose 45*d - 52*d + 203 = 0. Let p(a) = 5 - a - d + 7 + 15. Determine p(w).
1
Let o(t) = 65*t**2 + 9*t + 192. Let w(h) = 54*h**2 + 13*h + 193. Let v(z) = -5*o(z) + 6*w(z). Give v(-5).
8
Let i(n) be the first derivative of 0*n**4 + 1/120*n**5 + 0*n**2 + 16/3*n**3 + 0*n - 18. Let j(h) be the third derivative of i(h). What is j(-8)?
-8
Let s(j) = 0 - 3963*j - 24 - 13 + 3990*j - 24. Give s(2).
-7
Let g(w) = w**2 - 6*w + 8. Let u = 23 + -5. Let a = 16 - u. Let j be (-18)/21*14/a. What is g(j)?
8
Let t(x) = 5*x**2 + 9*x - 8. Let w be 64/24 - (-100)/(-60). Give t(w).
6
Let a(f) = 12*f + 146. Let w be a(-10). Suppose -10 = -w*d + 21*d. Let v(u) = -u**3 + 3*u**2 - 2. Determine v(d).
2
Let c(l) = l**3 + 4*l**2 + 2*l + 3. Let x = 531 - 526. Suppose -2*d = 5*a + 7, d - 3*d = -x*a - 23. Give c(a).
6
Suppose 3*k + 2*s = -2*k + 21, 0 = s + 2. Let w(d) be the first derivative of -d**2/2 + 9*d - 436. Determine w(k).
4
Let o(q) be the third derivative of -q**5/30 + 5*q**4/24 - 5*q**3/6 - 69*q**2. Let u = 447 + -444. Give o(u).
-8
Suppose 0 = 50*q - 63*q + 13. Suppose -5*w - a = q, 0*w - 2*a = -3*w - 11. Let n(f